{"id":668,"date":"2025-02-06T23:21:42","date_gmt":"2025-02-06T23:21:42","guid":{"rendered":"https:\/\/agripubhaiti.org\/?page_id=668"},"modified":"2025-04-28T15:33:49","modified_gmt":"2025-04-28T15:33:49","slug":"home","status":"publish","type":"page","link":"https:\/\/agripubhaiti.org\/","title":{"rendered":"Accueil"},"content":{"rendered":"\n<div class=\"wp-block-group alignfull is-layout-flow wp-block-group-is-layout-flow has-background\" style=\"padding-top:var(--wp--preset--spacing--50);padding-right:var(--wp--preset--spacing--50);padding-bottom:var(--wp--preset--spacing--50);padding-left:var(--wp--preset--spacing--50);background-image:url(&apos;https:\/\/agripubhaiti.org\/wp-content\/uploads\/2025\/04\/background-2.png&apos;);background-size:cover;\">\n<div class=\"wp-block-group has-contrast-color has-text-color has-link-color wp-elements-ab4e96db964860cd9c2d07de97a1f071 has-global-padding is-layout-constrained wp-container-core-group-is-layout-e555385e wp-block-group-is-layout-constrained\">\n<h1 class=\"wp-block-heading has-text-align-center has-x-large-font-size\">Notre engagement \u00e0 la recherche agricole en Haiti<\/h1>\n\n\n\n<div style=\"height:1.25rem\" aria-hidden=\"true\" class=\"wp-block-spacer\"><\/div>\n\n\n\n<p class=\"has-text-align-center\">Bienvenue sur le site d&#8217;archivage des recherches et publications relatives \u00e0 l&#8217;agriculture Haitienne. Il vous donne acc\u00e8s aux m\u00e9moires de sortie d&#8217;\u00e9tudiants, publications des r\u00e9sultats de recherches d&#8217;individuelles et de groupes, articles et autres documents li\u00e9s \u00e0 l&#8217;agriculture haitienne.<\/p>\n\n\n\n<div style=\"height:1.25rem\" aria-hidden=\"true\" class=\"wp-block-spacer\"><\/div>\n\n\n\n<div class=\"wp-block-buttons is-content-justification-center is-layout-flex wp-container-core-buttons-is-layout-a89b3969 wp-block-buttons-is-layout-flex\">\n<div class=\"wp-block-button\"><a class=\"wp-block-button__link has-contrast-color has-text-color has-background has-link-color wp-element-button\" href=\"?page_id=674\" style=\"background-color:#92c0df\">Chercher<\/a><\/div>\n<\/div>\n<\/div>\n<\/div>\n","protected":false},"excerpt":{"rendered":"<p>Notre engagement \u00e0 la recherche agricole en Haiti Bienvenue sur le site d&#8217;archivage des recherches et publications relatives \u00e0 l&#8217;agriculture Haitienne. Il vous donne acc\u00e8s aux m\u00e9moires de sortie d&#8217;\u00e9tudiants, publications des r\u00e9sultats de recherches d&#8217;individuelles et de groupes, articles et autres documents li\u00e9s \u00e0 l&#8217;agriculture haitienne.<\/p>\n","protected":false},"author":1,"featured_media":0,"parent":0,"menu_order":0,"comment_status":"closed","ping_status":"closed","template":"page-no-title","meta":{"footnotes":""},"class_list":["post-668","page","type-page","status-publish","hentry"],"_links":{"self":[{"href":"https:\/\/agripubhaiti.org\/index.php?rest_route=\/wp\/v2\/pages\/668","targetHints":{"allow":["GET"]}}],"collection":[{"href":"https:\/\/agripubhaiti.org\/index.php?rest_route=\/wp\/v2\/pages"}],"about":[{"href":"https:\/\/agripubhaiti.org\/index.php?rest_route=\/wp\/v2\/types\/page"}],"author":[{"embeddable":true,"href":"https:\/\/agripubhaiti.org\/index.php?rest_route=\/wp\/v2\/users\/1"}],"replies":[{"embeddable":true,"href":"https:\/\/agripubhaiti.org\/index.php?rest_route=%2Fwp%2Fv2%2Fcomments&post=668"}],"version-history":[{"count":17,"href":"https:\/\/agripubhaiti.org\/index.php?rest_route=\/wp\/v2\/pages\/668\/revisions"}],"predecessor-version":[{"id":6637,"href":"https:\/\/agripubhaiti.org\/index.php?rest_route=\/wp\/v2\/pages\/668\/revisions\/6637"}],"wp:attachment":[{"href":"https:\/\/agripubhaiti.org\/index.php?rest_route=%2Fwp%2Fv2%2Fmedia&parent=668"}],"curies":[{"name":"wp","href":"https:\/\/api.w.org\/{rel}","templated":true}]}}